he prime factors of 668.
2, 167
What are the prime factors of 10594?
2, 5297
List the prime factors of 49823.
49823
What are the prime factors of 61277?
29, 2113
List the prime factors of 37011.
3, 13, 73
What are the prime factors of 3230?
2, 5, 17, 19
List the prime factors of 3163.
3163
List the prime factors of 914.
2, 457
List the prime factors of 1748.
2, 19, 23
What are the prime factors of 3387?
3, 1129
What are the prime factors of 1125?
3, 5
List the prime factors of 1852.
2, 463
What are the prime factors of 3770?
2, 5, 13, 29
What are the prime factors of 4455?
3, 5, 11
What are the prime factors of 20762?
2, 7, 1483
What are the prime factors of 12010?
2, 5, 1201
List the prime factors of 7089.
3, 17, 139
What are the prime factors of 455?
5, 7, 13
What are the prime factors of 1245?
3, 5, 83
List the prime factors of 7946.
2, 29, 137
What are the prime factors of 970?
2, 5, 97
List the prime factors of 14413.
7, 29, 71
What are the prime factors of 12174?
2, 3, 2029
List the prime factors of 2250.
2, 3, 5
What are the prime factors of 97?
97
List the prime factors of 50892.
2, 3, 4241
List the prime factors of 6942.
2, 3, 13, 89
What are the prime factors of 4589?
13, 353
List the prime factors of 13854.
2, 3, 2309
What are the prime factors of 28188?
2, 3, 29
List the prime factors of 2360.
2, 5, 59
What are the prime factors of 9376?
2, 293
List the prime factors of 1944.
2, 3
What are the prime factors of 27864?
2, 3, 43
What are the prime factors of 55917?
3, 19, 109
What are the prime factors of 61209?
3, 2267
What are the prime factors of 24293?
17, 1429
List the prime factors of 20302.
2, 10151
List the prime factors of 17476.
2, 17, 257
What are the prime factors of 1642?
2, 821
What are the prime factors of 2915?
5, 11, 53
What are the prime factors of 5328?
2, 3, 37
List the prime factors of 38535.
3, 5, 7, 367
What are the prime factors of 385?
5, 7, 11
List the prime factors of 758.
2, 379
List the prime factors of 3642.
2, 3, 607
List the prime factors of 1206.
2, 3, 67
List the prime factors of 55897.
55897
List the prime factors of 20749.
20749
List the prime factors of 485.
5, 97
What are the prime factors of 4187?
53, 79
List the prime factors of 73859.
73859
What are the prime factors of 318?
2, 3, 53
What are the prime factors of 1960?
2, 5, 7
What are the prime factors of 264?
2, 3, 11
What are the prime factors of 1126?
2, 563
What are the prime factors of 1160?
2, 5, 29
List the prime factors of 578.
2, 17
What are the prime factors of 4167?
3, 463
What are the prime factors of 20028?
2, 3, 1669
List the prime factors of 5994.
2, 3, 37
What are the prime factors of 1519?
7, 31
What are the prime factors of 11230?
2, 5, 1123
List the prime factors of 4132.
2, 1033
What are the prime factors of 11009?
101, 109
What are the prime factors of 2983?
19, 157
What are the prime factors of 467?
467
List the prime factors of 58622.
2, 29311
What are the prime factors of 6902?
2, 7, 17, 29
List the prime factors of 24720.
2, 3, 5, 103
What are the prime factors of 16753?
11, 1523
What are the prime factors of 9913?
23, 431
List the prime factors of 2907.
3, 17, 19
List the prime factors of 57502.
2, 28751
List the prime factors of 1635.
3, 5, 109
What are the prime factors of 53344?
2, 1667
List the prime factors of 1980.
2, 3, 5, 11
What are the prime factors of 54171?
3, 13, 463
List the prime factors of 4086.
2, 3, 227
List the prime factors of 3507.
3, 7, 167
List the prime factors of 167.
167
List the prime factors of 549.
3, 61
What are the prime factors of 18518?
2, 47, 197
What are the prime factors of 1505?
5, 7, 43
What are the prime factors of 18558?
2, 3, 1031
List the prime factors of 3686.
2, 19, 97
What are the prime factors of 7588?
2, 7, 271
List the prime factors of 11654.
2, 5827
List the prime factors of 16388.
2, 17, 241
List the prime factors of 68984.
2, 8623
List the prime factors of 63412.
2, 83, 191
What are the prime factors of 1230?
2, 3, 5, 41
What are the prime factors of 84?
2, 3, 7
What are the prime factors of 5202?
2, 3, 17
What are the prime factors of 6755?
5, 7, 193
What are the prime factors of 60468?
2, 3, 5039
List the prime factors of 1025.
5, 41
What are the prime factors of 1629?
3, 181
What are the prime factors of 15685?
5, 3137
What are the prime factors of 22414?
2, 7, 1601
List the prime factors of 90560.
2, 5, 283
What are the prime factors of 100192?
2, 31, 101
What are the prime factors of 80124?
2, 3, 11, 607
What are the prime factors of 420?
2, 3, 5, 7
List the prime factors of 7099.
31, 229
List the prime factors of 16380.
2, 3, 5, 7, 13
List the prime factors of 11479.
13, 883
What are the prime factors of 134343?
3, 11, 23, 59
What are the prime factors of 13656?
2, 3, 569
What are the prime factors of 27100?
2, 5, 271
What are the prime factors of 88528?
2, 11, 503
List the prime factors of 17449.
17449
List the prime factors of 1796.
2, 449
List the prime factors of 1054.
2, 17, 31
What are the prime factors of 556?
2, 139
What are the prime factors of 7166?
2, 3583
List the prime factors of 665.
5, 7, 19
List the prime factors of 349.
349
What are the prime factors of 37284?
2, 3, 13, 239
What are the prime factors of 3247?
17, 191
List the prime factors of 711.
3, 79
What are the prime factors of 660?
2, 3, 5, 11
List the prime factors of 26717.
26717
What are the prime factors of 126781?
126781
List the prime factors of 1908.
2, 3, 53
List the prime factors of 5176.
2, 647
What are the prime factors of 2936?
2, 367
List the prime factors of 1007.
19, 53
List the prime factors of 688.
2, 43
List the prime factors of 2644.
2, 661
List the prime factors of 1007.
19, 53
List the prime factors of 9590.
2, 5, 7, 137
What are the prime factors of 509?
509
List the prime factors of 119.
7, 17
List the prime factors of 7080.
2, 3, 5, 59
List the prime factors of 3171.
3, 7, 151
List the prime factors of 250.
2, 5
List the prime factors of 53467.
127, 421
List the prime factors of 7500.
2, 3, 5
List the prime factors of 21616.
2, 7, 193
List the prime factors of 375.
3, 5
What are the prime factors of 1098?
2, 3, 61
List the prime factors of 890.
2, 5, 89
What are the prime factors of 12508?
2, 53, 59
What are the prime factors of 3660?
2, 3, 5, 61
List the prime factors of 628.
2, 157
List the prime factors of 8857.
17, 521
What are the prime factors of 15829?
11, 1439
What are the prime factors of 12582?
2, 3, 233
What are the prime factors of 1919?
19, 101
List the prime factors of 3928.
2, 491
List the prime factors of 1844.
2, 461
List the prime factors of 156.
2, 3, 13
List the prime factors of 2848.
2, 89
What are the prime factors of 16979?
16979
List the prime factors of 3077.
17, 181
List the prime factors of 9537.
3, 11, 17
List the prime factors of 3402.
2, 3, 7
What are the prime factors of 1418?
2, 709
List the prime factors of 1100.
2, 5, 11
What are the prime factors of 5039?
5039
What are the prime factors of 33385?
5, 11, 607
List the prime factors of 22023.
3, 2447
List the prime factors of 50074.
2, 25037
List the prime factors of 34242.
2, 3, 13, 439
What are the prime factors of 922?
2, 461
List the prime factors of 1676.
2, 419
List the prime factors of 36022.
2, 7, 31, 83
List the prime factors of 28488.
2, 3, 1187
List the prime factors of 1506.
2, 3, 251
What are the prime factors of 238?
2, 7, 17
What are the prime factors of 1911?
3, 7, 13
What are the prime factors of 3104?
2, 97
List the prime factors of 11218.
2, 71, 79
What are the prime factors of 1562?
2, 11, 71
List the prime factors of 16527.
3, 7, 787
List the prime factors of 636.
2, 3, 53
List the prime factors of 9831.
3, 29, 113
What are the prime factors of 72809?
11, 6619
List the prime factors of 769.
769
What are the prime factors of 37078?
2, 18539
List the prime factors of 897.
3, 13, 23
What are the prime factors of 887?
887
What are the prime factors of 1002?
2, 3, 167
What are the prime factors of 6206?
2, 29, 107
List the prime factors of 11283.
3, 3761
What are the prime factors of 29208?
2, 3, 1217
What are the prime factors of 2961?
3, 7, 47
List the prime factors of 16853.
19, 887
What are the prime factors of 37627?
191, 197
What are the prime factors of 739